 digit of 684?
8
What is the hundreds digit of 45886?
8
What is the hundreds digit of 33197?
1
What is the hundreds digit of 720?
7
What is the ten thousands digit of 40209?
4
What is the hundreds digit of 8024?
0
What is the thousands digit of 46305?
6
What is the thousands digit of 29025?
9
What is the hundreds digit of 10987?
9
What is the tens digit of 29650?
5
What is the thousands digit of 1458?
1
What is the units digit of 31571?
1
What is the thousands digit of 1742?
1
What is the thousands digit of 1813?
1
What is the thousands digit of 3369?
3
What is the hundreds digit of 886?
8
What is the tens digit of 601?
0
What is the hundreds digit of 10109?
1
What is the hundreds digit of 7104?
1
What is the units digit of 987?
7
What is the units digit of 20562?
2
What is the hundreds digit of 74793?
7
What is the tens digit of 9747?
4
What is the units digit of 4617?
7
What is the tens digit of 624?
2
What is the units digit of 12222?
2
What is the units digit of 1767?
7
What is the thousands digit of 55812?
5
What is the hundreds digit of 642?
6
What is the units digit of 2588?
8
What is the hundreds digit of 13752?
7
What is the units digit of 47150?
0
What is the ten thousands digit of 18908?
1
What is the units digit of 7421?
1
What is the units digit of 3786?
6
What is the hundreds digit of 1273?
2
What is the units digit of 420?
0
What is the hundreds digit of 1709?
7
What is the tens digit of 19081?
8
What is the units digit of 3190?
0
What is the hundreds digit of 19202?
2
What is the units digit of 27110?
0
What is the hundreds digit of 1733?
7
What is the ten thousands digit of 15540?
1
What is the thousands digit of 18138?
8
What is the tens digit of 5122?
2
What is the thousands digit of 107381?
7
What is the units digit of 4915?
5
What is the tens digit of 85735?
3
What is the thousands digit of 3342?
3
What is the tens digit of 8033?
3
What is the units digit of 926?
6
What is the tens digit of 62009?
0
What is the units digit of 73005?
5
What is the thousands digit of 59866?
9
What is the hundreds digit of 333?
3
What is the units digit of 704?
4
What is the thousands digit of 3255?
3
What is the ten thousands digit of 31123?
3
What is the tens digit of 61400?
0
What is the tens digit of 18790?
9
What is the thousands digit of 24443?
4
What is the ten thousands digit of 45067?
4
What is the thousands digit of 2285?
2
What is the units digit of 56279?
9
What is the units digit of 5564?
4
What is the hundreds digit of 10804?
8
What is the tens digit of 621?
2
What is the tens digit of 15664?
6
What is the thousands digit of 81232?
1
What is the ten thousands digit of 14702?
1
What is the tens digit of 8807?
0
What is the thousands digit of 1143?
1
What is the hundreds digit of 358?
3
What is the hundreds digit of 30679?
6
What is the tens digit of 28292?
9
What is the units digit of 2130?
0
What is the tens digit of 14418?
1
What is the ten thousands digit of 22258?
2
What is the units digit of 137126?
6
What is the thousands digit of 31875?
1
What is the tens digit of 1706?
0
What is the hundreds digit of 3757?
7
What is the units digit of 974?
4
What is the tens digit of 8724?
2
What is the ten thousands digit of 15472?
1
What is the units digit of 1017?
7
What is the thousands digit of 8330?
8
What is the units digit of 4170?
0
What is the hundreds digit of 2282?
2
What is the ten thousands digit of 44044?
4
What is the tens digit of 8242?
4
What is the tens digit of 1096?
9
What is the hundreds digit of 21886?
8
What is the units digit of 55747?
7
What is the units digit of 498?
8
What is the hundreds digit of 11579?
5
What is the thousands digit of 25498?
5
What is the thousands digit of 18922?
8
What is the thousands digit of 6183?
6
What is the tens digit of 21196?
9
What is the tens digit of 2818?
1
What is the thousands digit of 2846?
2
What is the hundreds digit of 35757?
7
What is the hundreds digit of 819?
8
What is the tens digit of 17196?
9
What is the ten thousands digit of 19395?
1
What is the tens digit of 121?
2
What is the ten thousands digit of 26894?
2
What is the hundreds digit of 651?
6
What is the hundreds digit of 972?
9
What is the hundreds digit of 38859?
8
What is the tens digit of 8984?
8
What is the thousands digit of 62583?
2
What is the hundreds digit of 555?
5
What is the thousands digit of 49477?
9
What is the hundreds digit of 2354?
3
What is the hundred thousands digit of 154654?
1
What is the ten thousands digit of 54871?
5
What is the thousands digit of 19467?
9
What is the units digit of 3578?
8
What is the ten thousands digit of 11361?
1
What is the tens digit of 23685?
8
What is the units digit of 137?
7
What is the ten thousands digit of 81640?
8
What is the tens digit of 958?
5
What is the units digit of 123?
3
What is the thousands digit of 10250?
0
What is the thousands digit of 20373?
0
What is the units digit of 33888?
8
What is the tens digit of 853?
5
What is the ten thousands digit of 46034?
4
What is the tens digit of 968?
6
What is the hundreds digit of 709?
7
What is the hundreds digit of 36290?
2
What is the hundreds digit of 1220?
2
What is the tens digit of 3369?
6
What is the tens digit of 2166?
6
What is the units digit of 51670?
0
What is the tens digit of 3604?
0
What is the thousands digit of 6657?
6
What is the tens digit of 2484?
8
What is the tens digit of 4855?
5
What is the units digit of 4425?
5
What is the units digit of 166?
6
What is the hundreds digit of 1525?
5
What is the thousands digit of 56485?
6
What is the hundreds digit of 6771?
7
What is the hundreds digit of 33799?
7
What is the hundreds digit of 5354?
3
What is the thousands digit of 4039?
4
What is the thousands digit of 106679?
6
What is the tens digit of 863?
6
What is the hundreds digit of 9056?
0
What is the hundreds digit of 567?
5
What is the hundreds digit of 1667?
6
What is the thousands digit of 2818?
2
What is the ten thousands digit of 23200?
2
What is the tens digit of 22256?
5
What is the ten thousands digit of 73033?
7
What is the units digit of 129?
9
What is the units digit of 77661?
1
What is the units digit of 29794?
4
What is the units digit of 75716?
6
What is the tens digit of 64841?
4
What is the hundreds digit of 10423?
4
What is the tens digit of 6893?
9
What is the hundred thousands digit of 125537?
1
What is the units digit of 4224?
4
What is the hundreds digit of 1405?
4
What is the tens digit of 1707?
0
What is the thousands digit of 1464?
1
What is the tens digit of 14610?
1
What is the units digit of 12422?
2
What is the units digit of 23733?
3
What is the thousands digit of 15404?
5
What is the hundreds digit of 33216?
2
What is the units digit of 24774?
4
What is the thousands digit of 21141?
1
What is the units digit of 3367?
7
What is the tens digit of 4305?
0
What is the hundred thousands digit of 132443?
1
What is the tens digit of 76091?
9
What is the ten thousands digit of 58106?
5
What is the hundreds digit of 25475?
4
What is the thousands digit of 144685?
4
What is the thousands digit of 1897?
1
What is the ten thousands digit of 24567?
2
What is the units digit of 96594?
4
What is the tens digit of 898?
9
What is the units digit of 45403?
3
What is the units digit of 170?
0
What is the units digit of 3297?
7
What is the thousands digit of 1067?
1
What is the hundreds digit of 51137?
1
What is the units digit of 1427?
7
What is the tens digit of 63700?
0
What is the thousands digit of 5176?
5
What is the hundreds digit of 69528?
5
What is the tens digit of 3470?
7
What is the thousands digit of 14302?
4
What is the tens digit of 77423?
2
What is the units digit of 1023?
3
What is the thousands digit of 1788?
1
What is the hundreds digit of 627?
6
What is the tens digit of 10236?
3
What is the hundreds digit of 1807?
8
What is the ten thousands digit of 11206?
1
What is the tens digit of 391?
9
What is the units digit of 15742?
2
What is the ten thousands digit of 72835?
7
What is the units digit of 51298?
8
What is the hundreds digit of 5688?
6
What is the ten thousands digit of 23919?
2
What is the tens digit of 51286?
8
What is the units digit of 28136?
6
What is the thousands digit of 8245?
8
What is the tens digit of 2450?
5
What is the hundreds d